 - 4. Let h(r) = r + 5. Let a(l) = -3*h(l) - 4*y(l). Let z be a(2). Suppose 0 = z*x - 30 - 18. What are the prime factors of x?
2
Let p = 121 - -10. Suppose 0 = 4*f - 5*i - p, i = -4*f + 2*f + 83. What are the prime factors of f?
3, 13
Suppose -5*v - 2*k + 393 = 0, -2*v + 140 = -k - 10. Suppose 0 = -4*s + 3*z + v, -s + z + 4*z + 15 = 0. List the prime factors of -3 + 1 - s/(-2).
2
Let m = 10 + -17. Let c(r) be the third derivative of r**5/60 + 7*r**4/24 + 7*r**3/6 + 56*r**2. List the prime factors of c(m).
7
List the prime factors of 498/3*(-2 + 4).
2, 83
Suppose 10*l - 1103 - 1197 = 0. List the prime factors of l.
2, 5, 23
Let s = 1 - -2. Suppose 5*u - 5*g = 105, -g = 3*g + 4. Suppose -s*b + u = -7. List the prime factors of b.
3
Suppose 173 = 3*t + q, -176 = -3*t - 3*q + 5*q. List the prime factors of t.
2, 29
Suppose 7087 = 22*o + 1103. What are the prime factors of o?
2, 17
Let r(i) = 7*i**3 + 8*i**2 - 13*i + 5. Let g(q) = -13*q**3 - 16*q**2 + 25*q - 11. Let f(v) = 6*g(v) + 11*r(v). What are the prime factors of f(-9)?
7
Let t(u) = 19*u**3 - 12*u**2 + 7*u - 1. What are the prime factors of t(2)?
3, 13
Let h(m) = 1095*m**2 + 72*m + 148. List the prime factors of h(-2).
2, 137
Let y be (4/3)/((-10)/(-15)). Suppose 0*f - y*j = -f + 102, 2*f - 2*j = 200. List the prime factors of f.
2, 7
Suppose k = -4*z - 27 - 120, 4*k + 577 = -5*z. What are the prime factors of k/(-6) + 6/36?
2, 3
Suppose -15*o + 80 = -10*o. List the prime factors of 3162/48 + 2/o.
2, 3, 11
Let w(o) = 3*o**2 - 8*o + 7. Let u be w(-7). Suppose -8*p + u = -2*p. Suppose 0 = -8*a + 3*a + p. List the prime factors of a.
7
Let j(w) = w**3 + 4*w**2 - 7*w + 1. Let v be j(-5). Let k = 15 - v. Suppose -110 - 18 = -k*r. What are the prime factors of r?
2
Let y(h) = h**3 + 9*h**2 + 12*h - 1. Let q = 21 + -27. What are the prime factors of y(q)?
5, 7
Suppose 0 = -4*v + 2*y + 7684, -5773 = -3*v - 13*y + 12*y. List the prime factors of v.
3, 641
Let d be (-193)/(-13) + (-44)/(-286). What are the prime factors of (-7 - -3) + d*1?
11
Suppose 5*d + 7 = y + 3, 5*d - 3*y + 12 = 0. Suppose d*f - 9 = -f. List the prime factors of f.
3
What are the prime factors of 63 + (-2 - -1) - -2 - -2?
2, 3, 11
Suppose -3*h = -2*c + 480, -h + 6*h + 20 = 0. Suppose -2*b - b = -c. What are the prime factors of b?
2, 3, 13
List the prime factors of 0 + -2 - (-41)/((-82)/(-2652)).
2, 331
List the prime factors of ((-29)/(-4))/(((-143)/(-836))/13).
19, 29
Let g(w) = 26*w + 30. List the prime factors of g(-1).
2
Let x(s) = -5*s**2 - 6*s + 9. Let l be x(5). Let h = l - -262. What are the prime factors of h?
2, 29
Suppose 2*x - 798 = 3*r, -29*x + 2*r - 1957 = -34*x. What are the prime factors of x?
3, 131
Let y be -4 + (-4)/(-4) + 230. Let m = y - 632. What are the prime factors of ((-1)/3)/(5/m)?
3
Suppose -5*v + 0*b - 2*b = 88, 5*b = 4*v + 44. Let u = v + 8. Let z(j) = -4*j - 2. List the prime factors of z(u).
2, 3, 5
Suppose 2*o + 0*a - 1 = -a, -2*o + 3*a = -13. Suppose -g + 5 = 3*f + 1, o = 3*f - g. What are the prime factors of (1 - (-1 + f))*31?
31
Suppose 0*n - 10*n = -80. Suppose 5*k - 60 = -k. Let r = n + k. What are the prime factors of r?
2, 3
Suppose q - l = -3*q + 1367, -2*l = 5*q - 1699. List the prime factors of q.
11, 31
Suppose 0 = -4*g + 11 - 27, -3*g = 3*x - 60. Suppose -4*m - 28 = a, -2*m = a - 3*a + 4. Let t = x + m. List the prime factors of t.
2, 3
What are the prime factors of 5942/10 - (120/25)/(-6)?
5, 7, 17
Let z = -12 - -14. Suppose -3*g - 83 = -5*q, -z*g + 20 + 10 = 2*q. What are the prime factors of (-12)/(-10)*(-6 + q)?
2, 3
Suppose 2*l + 59 = u, 4*l - 3*l = -2*u - 32. Let z be 60/(-2)*(-8)/(-12). Let p = z - l. List the prime factors of p.
2, 5
Suppose 3322 - 155760 = -82*s. List the prime factors of s.
11, 13
Suppose -169 + 0 = -z. List the prime factors of z.
13
Let s be (-10)/(-35) - 40/(-7). Let v(h) = 16*h - 20. What are the prime factors of v(s)?
2, 19
Let w(m) = -97*m + 90. List the prime factors of w(-12).
2, 3, 11, 19
Let g = -37 + 33. Let j(d) = 3*d**2 - 8*d - 4. What are the prime factors of j(g)?
2, 19
Let k = 233 - -149. List the prime factors of k.
2, 191
Let n = 5 - 1. Suppose -n*l - 27 = 5*u, -l - 3*u - 6 = -2*l. List the prime factors of (-1)/(590/(-195) - l).
3, 13
Let g(z) = 6*z**2 - 8*z - 11. Let f be g(-3). Suppose 3*j - f = -5*i + 5*j, i = 5*j + 18. What are the prime factors of i?
13
Let b(r) = 3*r + 38. Let k(z) = -z**3 - z - 7. Let j be k(0). List the prime factors of b(j).
17
Suppose 5 = -4*n - n, -h + 5*n + 10 = 0. Suppose -14 = -2*g - g + 5*f, h*f + 12 = 4*g. List the prime factors of (-2)/g + 1 + 20.
2, 11
Suppose 3 = 7*a - 18. Suppose 2*z - r - 68 = 0, -2*z + 41 = -z + a*r. List the prime factors of z.
5, 7
Let k(r) = 688*r + 248. List the prime factors of k(6).
2, 547
Suppose 0 = 4*g + 72 - 112. Let q(r) be the first derivative of r**3/3 - 3*r**2 - 13*r - 1. What are the prime factors of q(g)?
3
Let p = -642 - -878. List the prime factors of p.
2, 59
Let c(z) = z**3 + 19*z**2 + 2*z + 46. Let x be c(-19). Suppose -3*h + x = -58. What are the prime factors of h?
2, 11
Let x = 8 + -2. Let v be ((-9)/x)/(9/(-24)). Suppose j + v - 14 = 0. List the prime factors of j.
2, 5
Suppose 0 = -2*k + 6 + 2. Suppose -6*n = -k*n - 4. Suppose -n*h + h - 3*l = -22, -9 = -3*l. What are the prime factors of h?
13
Let s(g) = g + 15. Let i(a) = a + 1. Let p(w) = -2*i(w) + s(w). Let m(x) = x**3 + 9*x**2 + 4. Let v be m(-9). What are the prime factors of p(v)?
3
Suppose -32*z + 3710 = -27*z + 5*i, -5*i + 2236 = 3*z. What are the prime factors of z?
11, 67
Let j be (-24)/30*5*-1. Let b be j + 4 + -8 + 5. Suppose 0 = b*k - 0*k - 165. List the prime factors of k.
3, 11
Suppose -1642*o = -1637*o - 25055. What are the prime factors of o?
5011
Let t = 131 - 76. Suppose -3*q + t = 2*q. What are the prime factors of q?
11
Let i = -142 - -144. Suppose p + 265 = i*p. List the prime factors of p.
5, 53
Let n(z) = z**2 - 3*z - 294. List the prime factors of n(30).
2, 3, 43
Suppose -3*x + b + 3075 = 0, -5*b - 2063 = x - 3*x. List the prime factors of x.
2
Suppose -2*n - 1075 - 16 = 5*b, -3*b = -3*n + 663. Let w = -134 - b. What are the prime factors of w?
5, 17
Let d = -1373 + 2481. List the prime factors of d.
2, 277
Let b = 25 + 544. List the prime factors of b.
569
Let s be (22 - 11)*(14 - -1). Suppose 3*h - 5*w - 343 = 0, -2*h - 5*w + 97 = -s. What are the prime factors of h?
11
Let a(v) = v**2 - 2 - v + v**2 + 3*v. Let k be a(2). Suppose -4*n + 5 - k = m, 3*m + 3*n = 21. List the prime factors of m.
11
What are the prime factors of 699/(((-75)/10)/(-5))?
2, 233
Suppose 0 = -28*r - 9*r + 4736. List the prime factors of r.
2
Suppose -92*l = -81*l - 15048. What are the prime factors of l?
2, 3, 19
Suppose 1357 = -5*n + 8902. What are the prime factors of n?
3, 503
Suppose 10*c - 3*c = 1337. Let x = c + -122. What are the prime factors of x?
3, 23
List the prime factors of 1/3*(-837375)/(-77).
5, 29
Let d(o) = -287*o + 20. Let j be d(-5). Suppose -j = -6*z + 81. What are the prime factors of z?
2
Suppose -9*f + 427 = -338. Let h = -41 + f. What are the prime factors of h?
2, 11
Let z(r) = -r**3 + 3*r**2 - 2*r + 4. Let o be z(2). Let a = o + 30. List the prime factors of a.
2, 17
Suppose 13*r - 12*r - 3*x - 2388 = 0, 4808 = 2*r + 2*x. List the prime factors of r.
2, 3, 5
Let z = -209 - -549. List the prime factors of z.
2, 5, 17
List the prime factors of -4 + 6 + (-20)/(-5) + 1071.
3, 359
Let x = 1384 - 550. Suppose -z + 4*d = -288, -3*z + d = -d - x. What are the prime factors of (1 + -3)/((-8)/z)?
3, 23
What are the prime factors of 6 + -2 - 7*-27?
193
Suppose 2500 = 4*q - 4*k, 0 = 8*q - 12*q + k + 2503. List the prime factors of q.
2, 313
Suppose -4*c = j - 7, -j - j = c + 7. Suppose -c*m + 4*m + 5*o - 69 = 0, m - 65 = -4*o. What are the prime factors of m?
7
Suppose -124 = -2*x + 3*b + 87, 0 = -4*x + 3*b + 419. What are the prime factors of x?
2, 13
Let k(p) be the first derivative of 57*p - p**2 + 13 + 2/3*p**3 + 1/4*p**4. List the prime factors of k(0).
3, 19
Let f(o) = o**2 + 5*o + 3. Let x be f(-6). Let t(z) = z**2 - 6*z. Let h(p) = -4*p**2 + 24*p - 1. Let n(b) = 2*h(b) + 9*t(b). What are the prime factors of n(x)?
5
Let q(c) = 3*c - 13. Let m be q(6). Suppose 0*z + 475 = m*z. Li